e 2) in base 10?
175
What is -4 (base 16) in base 6?
-4
-4 (base 9) to base 10
-4
-11011010 (base 2) to base 6
-1002
Convert -101 (base 3) to base 15.
-a
What is -1 (base 16) in base 14?
-1
2 (base 10) to base 9
2
Convert -30 (base 14) to base 5.
-132
-92 (base 16) to base 9
-172
11 (base 8) to base 6
13
What is 5 (base 14) in base 10?
5
-24 (base 10) to base 15
-19
What is 3 (base 11) in base 16?
3
Convert -5 (base 11) to base 12.
-5
200 (base 3) to base 5
33
11 (base 13) to base 9
15
What is 261 (base 8) in base 9?
216
What is 13 (base 5) in base 8?
10
Convert 23 (base 16) to base 4.
203
What is -10001 (base 2) in base 12?
-15
-b7 (base 15) to base 2
-10101100
Convert 3 (base 14) to base 8.
3
-2 (base 7) to base 12
-2
-23 (base 14) to base 15
-21
125 (base 7) to base 4
1010
-27 (base 11) to base 13
-23
What is 3 (base 11) in base 8?
3
Convert -105 (base 15) to base 12.
-172
What is -11010 (base 2) in base 14?
-1c
Convert 161 (base 16) to base 2.
101100001
What is -1d (base 15) in base 8?
-34
What is 12 (base 8) in base 10?
10
-110 (base 2) to base 10
-6
-2 (base 11) to base 6
-2
What is -c6 (base 16) in base 15?
-d3
Convert 401 (base 7) to base 9.
238
What is 443 (base 5) in base 7?
234
Convert 66 (base 9) to base 12.
50
Convert -236 (base 7) to base 15.
-85
What is 17 (base 15) in base 16?
16
What is -22 (base 14) in base 12?
-26
What is -274 (base 8) in base 2?
-10111100
What is e1 (base 16) in base 10?
225
312 (base 4) to base 14
3c
What is -b (base 12) in base 4?
-23
11 (base 2) to base 14
3
What is 0 (base 2) in base 9?
0
Convert -110 (base 3) to base 13.
-c
Convert -3 (base 12) to base 3.
-10
What is -2 (base 8) in base 12?
-2
Convert -23 (base 5) to base 13.
-10
What is -11100100 (base 2) in base 10?
-228
What is 132 (base 5) in base 14?
30
Convert -38 (base 9) to base 2.
-100011
What is -10010011 (base 2) in base 3?
-12110
-2c (base 14) to base 6
-104
-147 (base 9) to base 7
-235
2 (base 14) to base 4
2
What is 82 (base 14) in base 2?
1110010
Convert 0 (base 7) to base 9.
0
What is 203 (base 8) in base 9?
155
Convert -1 (base 2) to base 5.
-1
Convert 1 (base 4) to base 9.
1
What is 3 (base 12) in base 14?
3
Convert -7 (base 16) to base 13.
-7
What is -217 (base 10) in base 12?
-161
What is -420 (base 6) in base 15?
-a6
Convert 0 (base 6) to base 10.
0
Convert -142 (base 13) to base 16.
-df
Convert -40 (base 12) to base 13.
-39
65 (base 10) to base 2
1000001
12 (base 3) to base 15
5
What is b6 (base 15) in base 11?
146
Convert 1 (base 6) to base 2.
1
Convert 3 (base 5) to base 15.
3
2 (base 11) to base 6
2
What is -3 (base 15) in base 13?
-3
1012 (base 3) to base 5
112
What is -4 (base 9) in base 14?
-4
Convert -7 (base 9) to base 15.
-7
Convert 3 (base 10) to base 8.
3
Convert -407 (base 8) to base 16.
-107
-13 (base 5) to base 9
-8
What is 101 (base 2) in base 3?
12
31 (base 4) to base 15
d
What is 25 (base 11) in base 15?
1c
What is -18 (base 11) in base 10?
-19
Convert -122 (base 5) to base 9.
-41
5 (base 8) to base 6
5
What is 2 (base 3) in base 15?
2
What is 0 (base 10) in base 6?
0
Convert 10110 (base 2) to base 16.
16
-1204 (base 5) to base 8
-263
What is -20 (base 10) in base 16?
-14
What is 74 (base 8) in base 7?
114
Convert -7 (base 8) to base 7.
-10
Convert -a (base 12) to base 9.
-11
What is -223 (base 9) in base 5?
-1213
Convert 1322 (base 5) to base 10.
212
What is 37 (base 11) in base 16?
28
What is -2 (base 4) in base 13?
-2
Convert -10 (base 4) to base 14.
-4
-51 (base 11) to base 16
-38
Convert -29 (base 12) to base 16.
-21
What is -43 (base 6) in base 9?
-30
-8 (base 14) to base 8
-10
-2 (base 11) to base 15
-2
Convert -63 (base 8) to base 2.
-110011
What is -2000 (base 5) in base 7?
-505
10 (base 4) to base 12
4
What is 321 (base 8) in base 2?
11010001
What is -2 (base 14) in base 11?
-2
-1b (base 15) to base 7
-35
Convert -10 (base 5) to base 2.
-101
What is 3 (base 7) in base 10?
3
12 (base 6) to base 9
8
a (base 13) to base 8
12
-4 (base 8) to base 2
-100
What is 203 (base 4) in base 10?
35
What is -103 (base 5) in base 12?
-24
What is 2 (base 14) in base 10?
2
What is 1 (base 7) in base 10?
1
Convert 164 (base 7) to base 13.
74
What is 2310 (base 4) in base 3?
20200
What is -100 (base 2) in base 4?
-10
Convert -73 (base 8) to base 6.
-135
Convert 20 (base 5) to base 4.
22
1000 (base 2) to base 12
8
-9 (base 13) to base 2
-1001
Convert 308 (base 9) to base 12.
18b
-110 (base 2) to base 12
-6
Convert 3 (base 13) to base 9.
3
Convert 20 (base 5) to base 11.
a
Convert 10012 (base 3) to base 6.
222
What is -2 (base 9) in base 3?
-2
0 (base 8) to base 13
0
What is 16 (base 8) in base 4?
32
What is -4 (base 15) in base 14?
-4
What is 0 (base 12) in base 15?
0
Convert 8 (base 9) to base 6.
12
-7 (base 16) to base 4
-13
106 (base 15) to base 3
22120
18 (base 12) to base 2
10100
-136 (base 8) to base 2
-1011110
13 (base 4) to base 10
7
What is 120 (base 3) in base 5?
30
Convert -5 (base 15) to base 9.
-5
What is 204 (base 6) in base 4?
1030
What is -4 (base 16) in base 11?
-4
Convert 1101010 (base 2) to base 8.
152
Convert 11 (base 8) to base 2.
1001
2 (base 11) to base 9
2
c (base 13) to base 6
20
What is 12 (base 13) in base 10?
15
What is -111 (base 3) in base 10?
-13
-100010 (base 2) to base 12
-2a
3 (base 6) to base 7
3
1 (base 14) to base 13
1
2 (base 5) to base 6
2
Convert -5 (base 14) to base 12.
-5
110000 (base 2) to base 13
39
What is 202 (base 3) in base 14?
16
-4f (base 16) to base 3
-2221
What is -70 (base 9) in base 8?
-77
Convert -11 (base 3) to base 9.
-4
-2 (base 7) to base 6
-2
Convert 1130 (base 5) to base 9.
203
Convert 111 (base 6) to base 15.
2d
Convert 234 (base 10) to base 8.
352
-5 (base 8) to base 10
-5
-10 (base 2) to base 5
-2
What is 3 (base 14) in base 7?
3
31 (base 15) to base 3
1201
-2 (base 9) to base 4
-2
Convert -21 (base 3) to base 4.
-13
Convert 513 (base 6) to base 9.
230
42 (base 7) to base 5
110
What is -37 (base 14) in base 9?
-54
0 (base 11) to base 16
0
Convert 1 (base 11) to base 16.
1
What is 33 (base 4) in base 9?
16
Convert -5 (base 7) to base 3.
-12
Convert 20 (base 14) to base 12.
24
What is -20 (base 13) in base 11?
-24
3 (base 9) to base 6
3
1 (base 5) to base 12
1
3b (base 15) to base 3
2002
Convert 122 (base 6) to base 12.
42
Convert -6 (base 8) to base 6.
-10
5 (base 16) to base 6
5
10 (base 3) to base 5
3
-17 (base 10) to base 12
-15
Convert -3 (base 6) to base 3.
-10
Convert 63 (base 7) to base 13.
36
-120 (base 3) to base 8
-17
Convert 3 (base 10) to base 5.
3
23 (base 7) to base 14
13
Convert 2 (base 15) to base 12.
2
What is -3 (base 9) in base 7?
-3
Convert -4 (base 12) to base 3.
-11
3 (base 14) to base 13
3
Convert 4 (base 10) to base 7.
4
10 (base 4) to base 12
4
-2 (base 10) to base 13
-2
Convert 5 (base 10) to base 5.
10
What is -1 (base 15) in base 14?
-1
What is 23 (base 4) in base 3?
102
23 (base 8) to base 4
103
Convert -2 (base 7) to base 4.
-2
Convert 2 (base 3) to base 11.
2
What is 2 (base 16) in base 7?
2
Convert -21 (base 4) to base 3.
-100
-100 (base 4) to base 7
-22
What is 8 (base 15) in base 9?
8
Convert -10110 (base 2) to base 3.
-211
Convert -3 (base 14) to base 9.
-3
Convert -10 (base 3) to base 15.
-3
Convert -14 (base 11) to base 12.
-13
What is -20 (base 4) in base 10?
-8
Convert 23 (base 6) to base 3.
120
Convert e (base 15) to base 10.
14
-21 (base 3) to base 10
-7
Convert -3 (base 4) to base 16.
-3
What is -2 (base 15) in base 13?
-2
What is 135 (base 8) in base 6?
233
203 (base 8) to base 3
11212
-373 (base 8) to base 9
-308
-354 (base 6) to base 2
-10001110
-303 (base 8) to base 12
-143
What is 202 (base 5) in base 16?
34
-140 (base 5) to base 13
-36
-1030 (base 4) to base 10
-76
Convert -31 (base 5) to base 2.
-10000
4 (base 15) to base 16
4
Convert 1 (base 12) to base 5.
1
0 (base 14) to base 9
0
Convert -25 (base 13) to base 5.
-111
156 (base 11) to base 13
110
What is -111 (base 3) in base 13?
-10
-9b (base 12) to base 6
-315
What is 39 (base 10) in base 9?
43
Convert -10 (base 3) to base 4.
-3
What is 6 (base 14) in base 16?
6
Convert 44 (base 11) to base 16.
30
3d (base 15) to base 12
4a
What is 1 (base 7) in base 13?
1
-1101 (base 3) to base 10
-37
What is -26 (base 13) in base 2?
-100000
What is 1101 (base 2) in base 1